{"id":119,"date":"2022-04-25T17:17:14","date_gmt":"2022-04-25T17:17:14","guid":{"rendered":"https:\/\/museosvirtuales.ar\/?page_id=119"},"modified":"2025-10-26T17:25:54","modified_gmt":"2025-10-26T17:25:54","slug":"museo-transporte","status":"publish","type":"page","link":"https:\/\/museosvirtuales.net.ar\/index.php\/museo-transporte\/","title":{"rendered":"\u00c1rea II Museo del Transporte"},"content":{"rendered":"\n<div class=\"wp-block-image\"><figure class=\"aligncenter size-large\"><img loading=\"lazy\" width=\"1024\" height=\"724\" src=\"https:\/\/museosvirtuales.ar\/wp-content\/uploads\/2022\/04\/IMG_20190712_134221_1-1024x724.jpg\" alt=\"\" class=\"wp-image-129\" srcset=\"https:\/\/museosvirtuales.net.ar\/wp-content\/uploads\/2022\/04\/IMG_20190712_134221_1-1024x724.jpg 1024w, https:\/\/museosvirtuales.net.ar\/wp-content\/uploads\/2022\/04\/IMG_20190712_134221_1-300x212.jpg 300w, https:\/\/museosvirtuales.net.ar\/wp-content\/uploads\/2022\/04\/IMG_20190712_134221_1-768x543.jpg 768w, https:\/\/museosvirtuales.net.ar\/wp-content\/uploads\/2022\/04\/IMG_20190712_134221_1-1536x1086.jpg 1536w, https:\/\/museosvirtuales.net.ar\/wp-content\/uploads\/2022\/04\/IMG_20190712_134221_1-2048x1447.jpg 2048w\" sizes=\"(max-width: 767px) 89vw, (max-width: 1000px) 54vw, (max-width: 1071px) 543px, 580px\" \/><\/figure><\/div>\n\n\n\n<p><p align=\"justify\">La instalaci\u00f3n del museo del transporte cuenta con tres salas donde conviven veh\u00edculos terrestres, a\u00e9reos y acu\u00e1ticos, todos ellos de gran valor hist\u00f3rico por haber sido utilizados por personalidades del \u00e1mbito pol\u00edtico, religioso y deportivo: desde la Carreta Quinchada que utiliz\u00f3 el general San Mart\u00edn y la berlina de Juan Manuel de Rosas, hasta la locomotora \u201cLa Porte\u00f1a\u201d, la primera m\u00e1quina del ferrocarril que circul\u00f3 en Argentina en 1857.<p>\n\n\n\n<p><a href=\"https:\/\/museosvirtuales.net.ar\/visitas\/lujan\/museotransportelujan.html\">Visita Virtual<\/a><\/p>\n","protected":false},"excerpt":{"rendered":"<p>La instalaci\u00f3n del museo del transporte cuenta con tres salas donde conviven veh\u00edculos terrestres, a\u00e9reos y acu\u00e1ticos, todos ellos de gran valor hist\u00f3rico por haber sido utilizados por personalidades del \u00e1mbito pol\u00edtico, religioso y deportivo: desde la Carreta Quinchada que utiliz\u00f3 el general San Mart\u00edn y la berlina de Juan Manuel de Rosas, hasta la &hellip; <\/p>\n<p class=\"link-more\"><a href=\"https:\/\/museosvirtuales.net.ar\/index.php\/museo-transporte\/\" class=\"more-link\">Continue reading<span class=\"screen-reader-text\"> &#8220;\u00c1rea II Museo del Transporte&#8221;<\/span><\/a><\/p>\n","protected":false},"author":1,"featured_media":0,"parent":0,"menu_order":0,"comment_status":"closed","ping_status":"closed","template":"","meta":[],"_links":{"self":[{"href":"https:\/\/museosvirtuales.net.ar\/index.php\/wp-json\/wp\/v2\/pages\/119"}],"collection":[{"href":"https:\/\/museosvirtuales.net.ar\/index.php\/wp-json\/wp\/v2\/pages"}],"about":[{"href":"https:\/\/museosvirtuales.net.ar\/index.php\/wp-json\/wp\/v2\/types\/page"}],"author":[{"embeddable":true,"href":"https:\/\/museosvirtuales.net.ar\/index.php\/wp-json\/wp\/v2\/users\/1"}],"replies":[{"embeddable":true,"href":"https:\/\/museosvirtuales.net.ar\/index.php\/wp-json\/wp\/v2\/comments?post=119"}],"version-history":[{"count":2,"href":"https:\/\/museosvirtuales.net.ar\/index.php\/wp-json\/wp\/v2\/pages\/119\/revisions"}],"predecessor-version":[{"id":243,"href":"https:\/\/museosvirtuales.net.ar\/index.php\/wp-json\/wp\/v2\/pages\/119\/revisions\/243"}],"wp:attachment":[{"href":"https:\/\/museosvirtuales.net.ar\/index.php\/wp-json\/wp\/v2\/media?parent=119"}],"curies":[{"name":"wp","href":"https:\/\/api.w.org\/{rel}","templated":true}]}}