{"id":120,"date":"2022-04-25T17:19:51","date_gmt":"2022-04-25T17:19:51","guid":{"rendered":"https:\/\/museosvirtuales.ar\/?page_id=120"},"modified":"2025-10-26T17:26:19","modified_gmt":"2025-10-26T17:26:19","slug":"salon-automovil","status":"publish","type":"page","link":"https:\/\/museosvirtuales.net.ar\/index.php\/salon-automovil\/","title":{"rendered":"\u00c1rea III Sal\u00f3n del Autom\u00f3vil"},"content":{"rendered":"\n<div class=\"wp-block-image\"><figure class=\"aligncenter size-large\"><img loading=\"lazy\" width=\"857\" height=\"1024\" src=\"https:\/\/museosvirtuales.ar\/wp-content\/uploads\/2022\/04\/IMG_20190703_153253-857x1024.jpg\" alt=\"\" class=\"wp-image-131\" srcset=\"https:\/\/museosvirtuales.net.ar\/wp-content\/uploads\/2022\/04\/IMG_20190703_153253-857x1024.jpg 857w, https:\/\/museosvirtuales.net.ar\/wp-content\/uploads\/2022\/04\/IMG_20190703_153253-251x300.jpg 251w, https:\/\/museosvirtuales.net.ar\/wp-content\/uploads\/2022\/04\/IMG_20190703_153253-768x917.jpg 768w, https:\/\/museosvirtuales.net.ar\/wp-content\/uploads\/2022\/04\/IMG_20190703_153253-1286x1536.jpg 1286w, https:\/\/museosvirtuales.net.ar\/wp-content\/uploads\/2022\/04\/IMG_20190703_153253-1715x2048.jpg 1715w\" sizes=\"(max-width: 767px) 89vw, (max-width: 1000px) 54vw, (max-width: 1071px) 543px, 580px\" \/><\/figure><\/div>\n\n\n\n<p><p align=\"justify\">Exposici\u00f3n permanente de autos hist\u00f3ricos cl\u00e1sicos y antiguos: desde el colectivo de l\u00ednea 501 con el que Juan Pablo II transit\u00f3 las calles de Luj\u00e1n, hasta el tractor para nieve utilizado durante la Primera Expedici\u00f3n Terrestre al Polo Sur. <p>\n\n\n\n<p><a href=\"https:\/\/museosvirtuales.net.ar\/visitas\/lujan\/salondelautomovillujan.html\">Visita Virtual<\/a><\/p>\n","protected":false},"excerpt":{"rendered":"<p>Exposici\u00f3n permanente de autos hist\u00f3ricos cl\u00e1sicos y antiguos: desde el colectivo de l\u00ednea 501 con el que Juan Pablo II transit\u00f3 las calles de Luj\u00e1n, hasta el tractor para nieve utilizado durante la Primera Expedici\u00f3n Terrestre al Polo Sur. Visita Virtual<\/p>\n","protected":false},"author":1,"featured_media":0,"parent":0,"menu_order":0,"comment_status":"closed","ping_status":"closed","template":"","meta":[],"_links":{"self":[{"href":"https:\/\/museosvirtuales.net.ar\/index.php\/wp-json\/wp\/v2\/pages\/120"}],"collection":[{"href":"https:\/\/museosvirtuales.net.ar\/index.php\/wp-json\/wp\/v2\/pages"}],"about":[{"href":"https:\/\/museosvirtuales.net.ar\/index.php\/wp-json\/wp\/v2\/types\/page"}],"author":[{"embeddable":true,"href":"https:\/\/museosvirtuales.net.ar\/index.php\/wp-json\/wp\/v2\/users\/1"}],"replies":[{"embeddable":true,"href":"https:\/\/museosvirtuales.net.ar\/index.php\/wp-json\/wp\/v2\/comments?post=120"}],"version-history":[{"count":2,"href":"https:\/\/museosvirtuales.net.ar\/index.php\/wp-json\/wp\/v2\/pages\/120\/revisions"}],"predecessor-version":[{"id":244,"href":"https:\/\/museosvirtuales.net.ar\/index.php\/wp-json\/wp\/v2\/pages\/120\/revisions\/244"}],"wp:attachment":[{"href":"https:\/\/museosvirtuales.net.ar\/index.php\/wp-json\/wp\/v2\/media?parent=120"}],"curies":[{"name":"wp","href":"https:\/\/api.w.org\/{rel}","templated":true}]}}