{"id":63,"date":"2022-04-25T06:01:19","date_gmt":"2022-04-25T06:01:19","guid":{"rendered":"https:\/\/museosvirtuales.ar\/?page_id=63"},"modified":"2025-10-26T17:13:27","modified_gmt":"2025-10-26T17:13:27","slug":"museodelautomovil","status":"publish","type":"page","link":"https:\/\/museosvirtuales.net.ar\/index.php\/museodelautomovil\/","title":{"rendered":"Museo del Autom\u00f3vil"},"content":{"rendered":"\n<div class=\"wp-block-image\"><figure class=\"aligncenter size-large\"><img loading=\"lazy\" width=\"1024\" height=\"638\" src=\"https:\/\/museosvirtuales.ar\/wp-content\/uploads\/2022\/04\/Museo-Automovil-1024x638.jpg\" alt=\"\" class=\"wp-image-65\" srcset=\"https:\/\/museosvirtuales.net.ar\/wp-content\/uploads\/2022\/04\/Museo-Automovil-1024x638.jpg 1024w, https:\/\/museosvirtuales.net.ar\/wp-content\/uploads\/2022\/04\/Museo-Automovil-300x187.jpg 300w, https:\/\/museosvirtuales.net.ar\/wp-content\/uploads\/2022\/04\/Museo-Automovil-768x478.jpg 768w, https:\/\/museosvirtuales.net.ar\/wp-content\/uploads\/2022\/04\/Museo-Automovil-1536x957.jpg 1536w, https:\/\/museosvirtuales.net.ar\/wp-content\/uploads\/2022\/04\/Museo-Automovil-2048x1276.jpg 2048w\" sizes=\"(max-width: 767px) 89vw, (max-width: 1000px) 54vw, (max-width: 1071px) 543px, 580px\" \/><\/figure><\/div>\n\n\n\n<p><p align=\"justify\">Fundado el 18 de octubre de 1997 por el Intendente Municipal de Campana Jorge Varela en forma conjunta con el Club del Primer Autom\u00f3vil, con el nombre de \u201cManuel Iglesias\u201d quien fuera creador del prototipo de lo que ser\u00eda el primer autom\u00f3vil argentino.<br>En el museo pueden encontrarse una exposici\u00f3n de m\u00e1s de 25 veh\u00edculos.<br>El primer autom\u00f3vil argentino construido por Manuel Iglesias est\u00e1 emplazado en una sala contigua especialmente condicionada.<\/p><\/p>\n\n\n\n<p><a href=\"https:\/\/museosvirtuales.net.ar\/visitas\/campana\/museodelautomovil.html\">Visita Virtual<\/a><\/p>\n","protected":false},"excerpt":{"rendered":"<p>Fundado el 18 de octubre de 1997 por el Intendente Municipal de Campana Jorge Varela en forma conjunta con el Club del Primer Autom\u00f3vil, con el nombre de \u201cManuel Iglesias\u201d quien fuera creador del prototipo de lo que ser\u00eda el primer autom\u00f3vil argentino.En el museo pueden encontrarse una exposici\u00f3n de m\u00e1s de 25 veh\u00edculos.El primer &hellip; <\/p>\n<p class=\"link-more\"><a href=\"https:\/\/museosvirtuales.net.ar\/index.php\/museodelautomovil\/\" class=\"more-link\">Continue reading<span class=\"screen-reader-text\"> &#8220;Museo del Autom\u00f3vil&#8221;<\/span><\/a><\/p>\n","protected":false},"author":1,"featured_media":0,"parent":0,"menu_order":0,"comment_status":"closed","ping_status":"closed","template":"","meta":[],"_links":{"self":[{"href":"https:\/\/museosvirtuales.net.ar\/index.php\/wp-json\/wp\/v2\/pages\/63"}],"collection":[{"href":"https:\/\/museosvirtuales.net.ar\/index.php\/wp-json\/wp\/v2\/pages"}],"about":[{"href":"https:\/\/museosvirtuales.net.ar\/index.php\/wp-json\/wp\/v2\/types\/page"}],"author":[{"embeddable":true,"href":"https:\/\/museosvirtuales.net.ar\/index.php\/wp-json\/wp\/v2\/users\/1"}],"replies":[{"embeddable":true,"href":"https:\/\/museosvirtuales.net.ar\/index.php\/wp-json\/wp\/v2\/comments?post=63"}],"version-history":[{"count":4,"href":"https:\/\/museosvirtuales.net.ar\/index.php\/wp-json\/wp\/v2\/pages\/63\/revisions"}],"predecessor-version":[{"id":231,"href":"https:\/\/museosvirtuales.net.ar\/index.php\/wp-json\/wp\/v2\/pages\/63\/revisions\/231"}],"wp:attachment":[{"href":"https:\/\/museosvirtuales.net.ar\/index.php\/wp-json\/wp\/v2\/media?parent=63"}],"curies":[{"name":"wp","href":"https:\/\/api.w.org\/{rel}","templated":true}]}}