{"id":64,"date":"2022-04-25T06:03:23","date_gmt":"2022-04-25T06:03:23","guid":{"rendered":"https:\/\/museosvirtuales.ar\/?page_id=64"},"modified":"2025-10-26T17:13:53","modified_gmt":"2025-10-26T17:13:53","slug":"museodelferroviario","status":"publish","type":"page","link":"https:\/\/museosvirtuales.net.ar\/index.php\/museodelferroviario\/","title":{"rendered":"Museo del Ferroviario"},"content":{"rendered":"\n<div class=\"wp-block-image\"><figure class=\"aligncenter size-large\"><img loading=\"lazy\" width=\"1024\" height=\"1014\" src=\"https:\/\/museosvirtuales.ar\/wp-content\/uploads\/2022\/04\/Museo-Ferroviario-1024x1014.jpg\" alt=\"\" class=\"wp-image-67\" srcset=\"https:\/\/museosvirtuales.net.ar\/wp-content\/uploads\/2022\/04\/Museo-Ferroviario-1024x1014.jpg 1024w, https:\/\/museosvirtuales.net.ar\/wp-content\/uploads\/2022\/04\/Museo-Ferroviario-300x297.jpg 300w, https:\/\/museosvirtuales.net.ar\/wp-content\/uploads\/2022\/04\/Museo-Ferroviario-150x150.jpg 150w, https:\/\/museosvirtuales.net.ar\/wp-content\/uploads\/2022\/04\/Museo-Ferroviario-768x760.jpg 768w, https:\/\/museosvirtuales.net.ar\/wp-content\/uploads\/2022\/04\/Museo-Ferroviario-1536x1520.jpg 1536w, https:\/\/museosvirtuales.net.ar\/wp-content\/uploads\/2022\/04\/Museo-Ferroviario-2048x2027.jpg 2048w, https:\/\/museosvirtuales.net.ar\/wp-content\/uploads\/2022\/04\/Museo-Ferroviario-100x100.jpg 100w\" sizes=\"(max-width: 767px) 89vw, (max-width: 1000px) 54vw, (max-width: 1071px) 543px, 580px\" \/><\/figure><\/div>\n\n\n\n<p align=\"justify\">Inaugurado el 9 de julio de 1994, en el lugar donde funcionaba la oficina de cargas del ferrocarril, por lo cual todas las encomiendas que llegaban al puerto pesaban por all\u00ed para ser pesadas y enviadas a su destino.<br>La iniciativa de comenzar con este museo surge de V\u00edctor Luis Capusso (ex ferroviario), de quien lleva su nombre. En su comienzo se llam\u00f3 museo municipal ferroviario de Campana, pero posterior al fallecimiento de Capusso, se cambi\u00f3 su nombre en honor a \u00e9l.<br>El acervo del museo son piezas originales de Inglaterra y el resto son piezas, como las herramientas, fueron realizadas en los talleres de la ciudad de campana.<\/p>\n\n\n\n<p><a href=\"https:\/\/museosvirtuales.net.ar\/visitas\/campana\/museodelferroviario.html\">Visita Virtual<\/a><\/p>\n","protected":false},"excerpt":{"rendered":"<p>Inaugurado el 9 de julio de 1994, en el lugar donde funcionaba la oficina de cargas del ferrocarril, por lo cual todas las encomiendas que llegaban al puerto pesaban por all\u00ed para ser pesadas y enviadas a su destino.La iniciativa de comenzar con este museo surge de V\u00edctor Luis Capusso (ex ferroviario), de quien lleva &hellip; <\/p>\n<p class=\"link-more\"><a href=\"https:\/\/museosvirtuales.net.ar\/index.php\/museodelferroviario\/\" class=\"more-link\">Continue reading<span class=\"screen-reader-text\"> &#8220;Museo del Ferroviario&#8221;<\/span><\/a><\/p>\n","protected":false},"author":1,"featured_media":0,"parent":0,"menu_order":0,"comment_status":"closed","ping_status":"closed","template":"","meta":[],"_links":{"self":[{"href":"https:\/\/museosvirtuales.net.ar\/index.php\/wp-json\/wp\/v2\/pages\/64"}],"collection":[{"href":"https:\/\/museosvirtuales.net.ar\/index.php\/wp-json\/wp\/v2\/pages"}],"about":[{"href":"https:\/\/museosvirtuales.net.ar\/index.php\/wp-json\/wp\/v2\/types\/page"}],"author":[{"embeddable":true,"href":"https:\/\/museosvirtuales.net.ar\/index.php\/wp-json\/wp\/v2\/users\/1"}],"replies":[{"embeddable":true,"href":"https:\/\/museosvirtuales.net.ar\/index.php\/wp-json\/wp\/v2\/comments?post=64"}],"version-history":[{"count":3,"href":"https:\/\/museosvirtuales.net.ar\/index.php\/wp-json\/wp\/v2\/pages\/64\/revisions"}],"predecessor-version":[{"id":232,"href":"https:\/\/museosvirtuales.net.ar\/index.php\/wp-json\/wp\/v2\/pages\/64\/revisions\/232"}],"wp:attachment":[{"href":"https:\/\/museosvirtuales.net.ar\/index.php\/wp-json\/wp\/v2\/media?parent=64"}],"curies":[{"name":"wp","href":"https:\/\/api.w.org\/{rel}","templated":true}]}}