{"id":82,"date":"2022-04-25T06:19:21","date_gmt":"2022-04-25T06:19:21","guid":{"rendered":"https:\/\/museosvirtuales.ar\/?page_id=82"},"modified":"2025-10-26T17:17:18","modified_gmt":"2025-10-26T17:17:18","slug":"museodelperiodismo","status":"publish","type":"page","link":"https:\/\/museosvirtuales.net.ar\/index.php\/museodelperiodismo\/","title":{"rendered":"Museo del Periodismo Bonaerense"},"content":{"rendered":"\n<div class=\"wp-block-image\"><figure class=\"aligncenter size-large\"><img loading=\"lazy\" width=\"1024\" height=\"807\" src=\"https:\/\/museosvirtuales.ar\/wp-content\/uploads\/2022\/04\/IMG_20180724_150743-1024x807.jpg\" alt=\"\" class=\"wp-image-84\" srcset=\"https:\/\/museosvirtuales.net.ar\/wp-content\/uploads\/2022\/04\/IMG_20180724_150743-1024x807.jpg 1024w, https:\/\/museosvirtuales.net.ar\/wp-content\/uploads\/2022\/04\/IMG_20180724_150743-300x236.jpg 300w, https:\/\/museosvirtuales.net.ar\/wp-content\/uploads\/2022\/04\/IMG_20180724_150743-768x605.jpg 768w, https:\/\/museosvirtuales.net.ar\/wp-content\/uploads\/2022\/04\/IMG_20180724_150743-1536x1210.jpg 1536w, https:\/\/museosvirtuales.net.ar\/wp-content\/uploads\/2022\/04\/IMG_20180724_150743-2048x1613.jpg 2048w\" sizes=\"(max-width: 767px) 89vw, (max-width: 1000px) 54vw, (max-width: 1071px) 543px, 580px\" \/><\/figure><\/div>\n\n\n\n<p align=\"justify\">La ceraci\u00f3n del Museo del Periodismo Bonaerense se decret\u00f3 el 8 de julio de 1972, pero fue inaugurado oficialmente el 14 de septiembre de 1972 durante la intendencia de Alberto Peluso, y que fue declarado Bien de Inter\u00e9s Hist\u00f3rico Nacional por el decreto N\u00ba 1648 del a\u00f1o 1994 del Poder Ejecutivo Nacional.<br>La casa donde hoy funciona el Museo data del a\u00f1o 1850, y fue domicilio de Manuel Cruz, un preceptor de Escuelas de Distrito que en 1871 hace la primera publicaci\u00f3n del semanario &#8220;El Monitor de la Campa\u00f1a&#8221;, bajo cuya direcci\u00f3n e inspiraci\u00f3n se constituy\u00f3 en el primer peri\u00f3dico de todo el \u00e1mbito rural de la provincia de Buenos Aires. &#8220;El Monitor de la Campa\u00f1a&#8221; se comenz\u00f3 a distribuir en forma gratuita el 19 de junio de 1871, cont\u00f3 con corresponsales y una prolija distribuci\u00f3n en 36 pueblos de la provincia. <br>Tras la muerte repentina de Manuel Cruz, el 5 de octubre de 1872, continuaron en la direcci\u00f3n del mismo Salvador Cruz y Carlos Figueras. El 28 de diciembre de 1873, con la edici\u00f3n 132, se cerraba una etapa fundamental para el periodismo de Capilla del Se\u00f1or y toda la Campa\u00f1a Bonaerense, desaparec\u00eda &#8220;El Monitor de la Campa\u00f1a&#8221;. En este taller, tambi\u00e9n se imprimi\u00f3 &#8220;El Alfabeto Moral de la Juventud&#8221;, primera obra editada en la Campa\u00f1a, cuyo autor fue Feliciano Cruz.<\/p>\n\n\n\n<p><a href=\"https:\/\/museosvirtuales.net.ar\/visitas\/capilla\/museoperiodismobonaerense.html\">Visita Virtual<\/a><\/p>\n","protected":false},"excerpt":{"rendered":"<p>La ceraci\u00f3n del Museo del Periodismo Bonaerense se decret\u00f3 el 8 de julio de 1972, pero fue inaugurado oficialmente el 14 de septiembre de 1972 durante la intendencia de Alberto Peluso, y que fue declarado Bien de Inter\u00e9s Hist\u00f3rico Nacional por el decreto N\u00ba 1648 del a\u00f1o 1994 del Poder Ejecutivo Nacional.La casa donde hoy &hellip; <\/p>\n<p class=\"link-more\"><a href=\"https:\/\/museosvirtuales.net.ar\/index.php\/museodelperiodismo\/\" class=\"more-link\">Continue reading<span class=\"screen-reader-text\"> &#8220;Museo del Periodismo Bonaerense&#8221;<\/span><\/a><\/p>\n","protected":false},"author":1,"featured_media":0,"parent":0,"menu_order":0,"comment_status":"closed","ping_status":"closed","template":"","meta":[],"_links":{"self":[{"href":"https:\/\/museosvirtuales.net.ar\/index.php\/wp-json\/wp\/v2\/pages\/82"}],"collection":[{"href":"https:\/\/museosvirtuales.net.ar\/index.php\/wp-json\/wp\/v2\/pages"}],"about":[{"href":"https:\/\/museosvirtuales.net.ar\/index.php\/wp-json\/wp\/v2\/types\/page"}],"author":[{"embeddable":true,"href":"https:\/\/museosvirtuales.net.ar\/index.php\/wp-json\/wp\/v2\/users\/1"}],"replies":[{"embeddable":true,"href":"https:\/\/museosvirtuales.net.ar\/index.php\/wp-json\/wp\/v2\/comments?post=82"}],"version-history":[{"count":3,"href":"https:\/\/museosvirtuales.net.ar\/index.php\/wp-json\/wp\/v2\/pages\/82\/revisions"}],"predecessor-version":[{"id":237,"href":"https:\/\/museosvirtuales.net.ar\/index.php\/wp-json\/wp\/v2\/pages\/82\/revisions\/237"}],"wp:attachment":[{"href":"https:\/\/museosvirtuales.net.ar\/index.php\/wp-json\/wp\/v2\/media?parent=82"}],"curies":[{"name":"wp","href":"https:\/\/api.w.org\/{rel}","templated":true}]}}